93093 composite?
True
Is 43913 prime?
True
Is 24281 a composite number?
False
Is 7117 a composite number?
True
Is 98749 composite?
True
Is 3465851 composite?
False
Is 7499 a composite number?
False
Is 823877 a composite number?
False
Is 17257 a composite number?
False
Is 5703 a composite number?
True
Is 2727913 composite?
False
Is 1343219 a prime number?
True
Is 104605 composite?
True
Is 1226 a prime number?
False
Is 6731 a composite number?
True
Is 438279 a composite number?
True
Is 1300609 composite?
False
Is 40903 a composite number?
False
Is 54083 a composite number?
False
Is 587447 prime?
False
Is 172709 a composite number?
False
Is 4049 a prime number?
True
Is 14107 composite?
False
Is 5515 prime?
False
Is 42321 a prime number?
False
Is 4219 composite?
False
Is 3292391 a composite number?
False
Is 1721 composite?
False
Is 26687 composite?
False
Is 15761 composite?
False
Is 12223 a composite number?
True
Is 599891 prime?
True
Is 37951 a composite number?
False
Is 139589 prime?
True
Is 820037 a prime number?
True
Is 15551 composite?
False
Is 175507 a composite number?
True
Is 63901 composite?
False
Is 94759 a prime number?
False
Is 7513 a composite number?
True
Is 971179 a prime number?
False
Is 6341 composite?
True
Is 26083 a prime number?
True
Is 13997 prime?
True
Is 48563 a composite number?
False
Is 4327 a prime number?
True
Is 7661253 composite?
True
Is 14173 prime?
True
Is 46195 a composite number?
True
Is 4049 prime?
True
Is 31439 prime?
False
Is 1212941 prime?
False
Is 96431 a composite number?
False
Is 49309 a composite number?
True
Is 3589 a composite number?
True
Is 308369 composite?
True
Is 341611 a prime number?
False
Is 1368727 a composite number?
False
Is 6469 composite?
False
Is 2206 a composite number?
True
Is 54429 a composite number?
True
Is 71017 prime?
False
Is 332099 a prime number?
True
Is 10327 a prime number?
False
Is 1195139 prime?
False
Is 65449 a prime number?
True
Is 3497 a prime number?
False
Is 565417 prime?
False
Is 94591 composite?
True
Is 173249 a composite number?
False
Is 144473 composite?
True
Is 108943 composite?
False
Is 64673 composite?
True
Is 21139 a composite number?
False
Is 17007 a prime number?
False
Is 319537 a prime number?
False
Is 627611 a composite number?
False
Is 37159 a prime number?
True
Is 10639 prime?
True
Is 1527791 a composite number?
False
Is 791 a composite number?
True
Is 34807 composite?
False
Is 1261243 a prime number?
False
Is 409963 a composite number?
True
Is 40361 a prime number?
True
Is 142657 composite?
False
Is 26203 prime?
True
Is 5501 composite?
False
Is 4463729 composite?
False
Is 3907 a composite number?
False
Is 97421 a prime number?
False
Is 49157 composite?
False
Is 1574891 a prime number?
False
Is 1031507 prime?
True
Is 13367 a composite number?
False
Is 51409 a composite number?
True
Is 145793 a prime number?
False
Is 154237 a composite number?
True
Is 317041 prime?
False
Is 1413931 a composite number?
False
Is 30931 composite?
False
Is 59951 prime?
True
Is 1301047 composite?
True
Is 1117 a composite number?
False
Is 168593 prime?
False
Is 110419 prime?
True
Is 4511 composite?
True
Is 2353 prime?
False
Is 36293 prime?
True
Is 69623 prime?
True
Is 59054 a composite number?
True
Is 177845 prime?
False
Is 752407 a composite number?
True
Is 124295 composite?
True
Is 29591 a composite number?
True
Is 1255 a composite number?
True
Is 5209 prime?
True
Is 15053 composite?
False
Is 129359 prime?
False
Is 2887 a composite number?
False
Is 360505 a prime number?
False
Is 13577 composite?
False
Is 694 prime?
False
Is 297169 a prime number?
True
Is 4987639 prime?
True
Is 36095 prime?
False
Is 248683 a composite number?
False
Is 1411423 composite?
True
Is 560543 a composite number?
False
Is 149 a composite number?
False
Is 594109 composite?
True
Is 16855 prime?
False
Is 107083 prime?
False
Is 28131 a prime number?
False
Is 134471 a composite number?
False
Is 40195 prime?
False
Is 1044671 a prime number?
False
Is 1693 a composite number?
False
Is 10961 a composite number?
True
Is 1137 a prime number?
False
Is 20323 composite?
False
Is 2707 composite?
False
Is 2095 composite?
True
Is 217489 prime?
True
Is 31013 a prime number?
True
Is 40231 prime?
True
Is 12023 composite?
True
Is 12143 a prime number?
True
Is 2402 prime?
False
Is 96847 prime?
True
Is 43451 composite?
False
Is 60163 prime?
False
Is 176831 composite?
True
Is 870809 a composite number?
False
Is 24454 prime?
False
Is 316271 composite?
False
Is 2921 prime?
False
Is 950611 a prime number?
True
Is 24281 prime?
True
Is 273137 composite?
True
Is 107741 a composite number?
False
Is 3663217 a composite number?
False
Is 4613 a composite number?
True
Is 7217 composite?
True
Is 37483 a composite number?
False
Is 7465 composite?
True
Is 17291 prime?
True
Is 71527 prime?
True
Is 278671 composite?
False
Is 2741 a composite number?
False
Is 2741 composite?
False
Is 8633 a prime number?
False
Is 8363 composite?
False
Is 381107 a composite number?
True
Is 597262 a composite number?
True
Is 50581 a prime number?
True
Is 5911 prime?
False
Is 3761 prime?
True
Is 37419 composite?
True
Is 15909 prime?
False
Is 5209 prime?
True
Is 196159 a composite number?
False
Is 21557 a prime number?
True
Is 46801 a prime number?
False
Is 52971 composite?
True
Is 41187 composite?
True
Is 7033 a prime number?
False
Is 152687 a prime number?
False
Is 97987 composite?
False
Is 66643 a composite number?
False
Is 75687 composite?
True
Is 44139 prime?
False
Is 1943813 a prime number?
False
Is 2107319 composite?
False
Is 3953 prime?
False
Is 51151 prime?
True
Is 2599 a composite number?
True
Is 9977 a prime number?
False
Is 38543 prime?
True
Is 11197 a prime number?
True
Is 12929 prime?
False
Is 587789 composite?
False
Is 690601 a prime number?
False
Is 8743 prime?
False
Is 247523 composite?
True
Is 421735 a composite number?
True
Is 661603 composite?
False
Is 62801 a composite number?
False
Is 1330783 a composite number?
False
Is 671927 prime?
False
Is 306415 prime?
False
Is 919 a composite number?
False
Is 28637 prime?
False
Is 1949 composite?
False
Is 286115 composite?
True
Is 709 composite?
False
Is 7811 a composite number?
True
Is 2271891 a composite number?
True
Is 6197 a composite number?
False
Is 3241 a prime number?
False
Is 411181 a prime number?
False
Is 440429 a composite number?
True
Is 20671 composite?
True
Is 30461 a prime number?
False
Is 1437739 prime?
True
Is 1588539 prime?
False
Is 2207 prime?
True
Is 1112765 a prime number?
False
Is 2503 a composite number?
False
Is 4621 prime?
True
Is 163 a composite number?
False
Is 139937 composite?
True
Is 29433 a composite number?
True
Is 2833 a prime number?
True
Is 68947 a composite number?
False
Is 238067 a prime number?
False
Is 220123 a composite number?
False
Is 143751 prime?
False
Is 8819765 a prime number?
False
Is 126773 composite?
True
Is 197998 composite?
True
Is 815 a composite number?
True
Is 209717 prime?
True
Is 85945 prime?
False
Is 23401 prime?
False
Is 3083 composite?
False
Is 1631 a prime number?
False
Is 65239 composite?
False
Is 1777 a composite number?
False
Is 5598533 a prime number?
True
Is 3657419 composite?
False
Is 333163 a prime number?
False
Is 1181 composite?
False
Is 24833 composite?
True
Is 9157 a composite number?
False
Is 5921 a composite number?
True
Is 2117 a prime number?
False
Is 5039 a prime number?
True
Is 1622917 composite?
False
Is 253003 composite?
False
Is 23953 prime?
False
Is 122909 composite?
True
Is 2321 a prime number?
False
Is 322147 a composite number?
True
Is 4507 composite?
False
Is 1275485 a composite number?
True
Is 295111 a composite number?
False
Is 36151 prime?
True
Is 21391 a composite number?
False
Is 15927 composite?
True
Is 375761 composite?
False
Is 57317 composite?
True
Is 643301 composite?
False
Is 26045 a composite number?
True
Is 166187 prime?
False
Is 84077 prime?
False
Is 10967 prime?
False
Is 2333 composite?
False
Is 4487 a composite number?
True
Is 402445 a composite number?
True
Is 356234 a composite number?
True
Is 150763 a prime number?
False
Is 1057015 prime?
False
Is 78049 composite?
False
Is 238859 a prime number?
True
Is 677 a composite number?
False
Is 14095 a prime number?
False
Is 79009 composite?
True
Is 920861 